{"id":24,"date":"2023-02-22T16:41:57","date_gmt":"2023-02-22T15:41:57","guid":{"rendered":"http:\/\/jan.kancelaria-pleszew.pl\/?page_id=24"},"modified":"2023-02-22T16:41:57","modified_gmt":"2023-02-22T15:41:57","slug":"oferta-dla-spoldzielni","status":"publish","type":"page","link":"https:\/\/jan.kancelaria-pleszew.pl\/index.php\/oferta-dla-spoldzielni\/","title":{"rendered":"Oferta dla sp\u00f3\u0142dzielni"},"content":{"rendered":"\n<figure class=\"wp-block-table\"><table><tbody><tr><td>Kompleksowa obs\u0142uga post\u0119powa\u0144 windykacyjnych wobec cz\u0142onk\u00f3w sp\u00f3\u0142dzielni, formu\u0142owanie przepis\u00f3w wewn\u0119trznych, obs\u0142uga posiedze\u0144 organ\u00f3w sp\u00f3\u0142dzielni.<\/td><\/tr><\/tbody><\/table><\/figure>\n","protected":false},"excerpt":{"rendered":"<p>Kompleksowa obs\u0142uga post\u0119powa\u0144 windykacyjnych wobec cz\u0142onk\u00f3w sp\u00f3\u0142dzielni, formu\u0142owanie przepis\u00f3w wewn\u0119trznych, obs\u0142uga posiedze\u0144 organ\u00f3w sp\u00f3\u0142dzielni.<\/p>\n","protected":false},"author":1,"featured_media":0,"parent":0,"menu_order":0,"comment_status":"closed","ping_status":"closed","template":"","meta":{"footnotes":""},"class_list":["post-24","page","type-page","status-publish","hentry"],"_links":{"self":[{"href":"https:\/\/jan.kancelaria-pleszew.pl\/index.php\/wp-json\/wp\/v2\/pages\/24","targetHints":{"allow":["GET"]}}],"collection":[{"href":"https:\/\/jan.kancelaria-pleszew.pl\/index.php\/wp-json\/wp\/v2\/pages"}],"about":[{"href":"https:\/\/jan.kancelaria-pleszew.pl\/index.php\/wp-json\/wp\/v2\/types\/page"}],"author":[{"embeddable":true,"href":"https:\/\/jan.kancelaria-pleszew.pl\/index.php\/wp-json\/wp\/v2\/users\/1"}],"replies":[{"embeddable":true,"href":"https:\/\/jan.kancelaria-pleszew.pl\/index.php\/wp-json\/wp\/v2\/comments?post=24"}],"version-history":[{"count":1,"href":"https:\/\/jan.kancelaria-pleszew.pl\/index.php\/wp-json\/wp\/v2\/pages\/24\/revisions"}],"predecessor-version":[{"id":25,"href":"https:\/\/jan.kancelaria-pleszew.pl\/index.php\/wp-json\/wp\/v2\/pages\/24\/revisions\/25"}],"wp:attachment":[{"href":"https:\/\/jan.kancelaria-pleszew.pl\/index.php\/wp-json\/wp\/v2\/media?parent=24"}],"curies":[{"name":"wp","href":"https:\/\/api.w.org\/{rel}","templated":true}]}}